{"id":1666,"date":"2021-10-10T14:15:46","date_gmt":"2021-10-10T12:15:46","guid":{"rendered":"http:\/\/www.associazioneinopera.it\/?page_id=1666"},"modified":"2021-12-29T21:18:18","modified_gmt":"2021-12-29T20:18:18","slug":"il-reinserimento","status":"publish","type":"page","link":"https:\/\/www.associazioneinopera.it\/?page_id=1666","title":{"rendered":"Idee all&#8217;Opera"},"content":{"rendered":"\n<p>Non \u00e8 facile essere volontari in ambito penitenziario e non \u00e8 facile costruirsi un percorso responsabile e rieducativo da ristretti ma ci\u00f2 che d\u00e0 forza di continuare sono i traguardi raggiunti che vediamo crescendo assieme. Ecco alcuni <em>goals<\/em> che ci <strong>rendono orgogliosi<\/strong> del nostro lavoro collaborativo.<\/p>\n\n\n\n<p class=\"has-text-color has-extra-large-font-size\" style=\"color:#2d1ef2\"><code><strong><em>Claudio<\/em><\/strong><\/code><\/p>\n\n\n\n<p><code>Is<\/code>critto alla facolt\u00e0 di Scienze della Comunicazione all&#8217;Universit\u00e0 degli Studi di Milano, sta scrivendo la tesi di Laurea Triennale. A questo scopo desidera <strong>raccogliere dei dati attraverso un questionario dal titolo &#8220;Lettori dei Periodici Sociali&#8221;<\/strong>. Se desideri aiutare Claudio nel suo lavoro, clicca il seguente link.  Claudio ti ringrazia! <\/p>\n\n\n\n<p><a href=\"https:\/\/www.sondaggio-online.com\/s\/jdfwkun\">https:\/\/www.sondaggio-online.com\/s\/jdfwkun<\/a><\/p>\n\n\n\n<p><\/p>\n\n\n\n<p><\/p>\n\n\n\n<p><\/p>\n\n\n\n<p class=\"has-text-color has-extra-large-font-size\" style=\"color:#2d1ef2\"><code><strong><em>Andrea<\/em><\/strong><\/code><\/p>\n\n\n\n<p>Da novembre 2020 trasferito alla Casa di Reclusione di Bollate, \u00e8 ora un operatore call center di <a rel=\"noreferrer noopener\" href=\"https:\/\/bee4.org\/chi-siamo-bee4\/\" data-type=\"URL\" data-id=\"https:\/\/bee4.org\/chi-siamo-bee4\/\" target=\"_blank\">bee.4 altre menti<\/a>, Cooperativa sociale nata dall&#8217;idea di <strong>costruire un&#8217;impresa sociale che avvicini il percorso di detenzione alla finalit\u00e0 rieducativa della pena<\/strong> prevista dalla Costituzione. Ecco la sua prima intervista. Dal minuto 31:44 Andrea parler\u00e0 della sua storia.<\/p>\n\n\n\n<figure class=\"wp-block-embed is-type-video is-provider-youtube wp-block-embed-youtube wp-embed-aspect-16-9 wp-has-aspect-ratio\"><div class=\"wp-block-embed__wrapper\">\n<iframe loading=\"lazy\" hcb-fetch-image-from=\"https:\/\/www.youtube.com\/watch?v=zl-lDowiK00\" title=\"AltoLato Live FINISCE IN CARCERE!\" width=\"500\" height=\"281\" src=\"https:\/\/www.youtube.com\/embed\/zl-lDowiK00?feature=oembed\" frameborder=\"0\" allow=\"accelerometer; autoplay; clipboard-write; encrypted-media; gyroscope; picture-in-picture; web-share\" referrerpolicy=\"strict-origin-when-cross-origin\" allowfullscreen><\/iframe>\n<\/div><\/figure>\n\n\n\n<p><\/p>\n","protected":false},"excerpt":{"rendered":"<p>Non \u00e8 facile essere volontari in ambito penitenziario e non \u00e8 facile costruirsi un percorso responsabile e rieducativo da ristretti ma ci\u00f2 che d\u00e0 forza di continuare sono i traguardi [&hellip;]<\/p>\n","protected":false},"author":1,"featured_media":0,"parent":0,"menu_order":0,"comment_status":"closed","ping_status":"closed","template":"","meta":{"_EventAllDay":false,"_EventTimezone":"","_EventStartDate":"","_EventEndDate":"","_EventStartDateUTC":"","_EventEndDateUTC":"","_EventShowMap":false,"_EventShowMapLink":false,"_EventURL":"","_EventCost":"","_EventCostDescription":"","_EventCurrencySymbol":"","_EventCurrencyCode":"","_EventCurrencyPosition":"","_EventDateTimeSeparator":"","_EventTimeRangeSeparator":"","_EventOrganizerID":[],"_EventVenueID":[],"_OrganizerEmail":"","_OrganizerPhone":"","_OrganizerWebsite":"","_VenueAddress":"","_VenueCity":"","_VenueCountry":"","_VenueProvince":"","_VenueState":"","_VenueZip":"","_VenuePhone":"","_VenueURL":"","_VenueStateProvince":"","_VenueLat":"","_VenueLng":"","_VenueShowMap":false,"_VenueShowMapLink":false,"footnotes":""},"class_list":["post-1666","page","type-page","status-publish","hentry"],"_links":{"self":[{"href":"https:\/\/www.associazioneinopera.it\/index.php?rest_route=\/wp\/v2\/pages\/1666","targetHints":{"allow":["GET"]}}],"collection":[{"href":"https:\/\/www.associazioneinopera.it\/index.php?rest_route=\/wp\/v2\/pages"}],"about":[{"href":"https:\/\/www.associazioneinopera.it\/index.php?rest_route=\/wp\/v2\/types\/page"}],"author":[{"embeddable":true,"href":"https:\/\/www.associazioneinopera.it\/index.php?rest_route=\/wp\/v2\/users\/1"}],"replies":[{"embeddable":true,"href":"https:\/\/www.associazioneinopera.it\/index.php?rest_route=%2Fwp%2Fv2%2Fcomments&post=1666"}],"version-history":[{"count":22,"href":"https:\/\/www.associazioneinopera.it\/index.php?rest_route=\/wp\/v2\/pages\/1666\/revisions"}],"predecessor-version":[{"id":1771,"href":"https:\/\/www.associazioneinopera.it\/index.php?rest_route=\/wp\/v2\/pages\/1666\/revisions\/1771"}],"wp:attachment":[{"href":"https:\/\/www.associazioneinopera.it\/index.php?rest_route=%2Fwp%2Fv2%2Fmedia&parent=1666"}],"curies":[{"name":"wp","href":"https:\/\/api.w.org\/{rel}","templated":true}]}}