{"id":1830,"date":"2022-07-30T22:57:27","date_gmt":"2022-07-30T20:57:27","guid":{"rendered":"http:\/\/www.associazioneinopera.it\/?page_id=1830"},"modified":"2023-03-14T08:26:27","modified_gmt":"2023-03-14T07:26:27","slug":"restyling-ludoteca","status":"publish","type":"page","link":"https:\/\/www.associazioneinopera.it\/?page_id=1830","title":{"rendered":"Restyling Ludoteca"},"content":{"rendered":"\n<p>Insieme al gruppo Scout talenti all\u2019Opera, alcuni membri dell\u2019Associazione In Opera nei mesi subito dopo Natale (Gennaio-Marzo 2022) <strong>si sono trovati ogni sabato per riqualificare<\/strong> la Ludoteca dello spazio colloqui della CR di Milano-Opera.<\/p>\n\n\n\n<p>Il gruppo, composto da 20 ospiti della casa di reclusione di Opera coordinati da Matteo Borsari, si \u00e8 messo a disposizione per restituire alla popolazione detenuta <strong>un ambiente adeguato all\u2019incontro tra i pap\u00e0 e i figli<\/strong> che permetta alla famiglie di trascorrere insieme dei momenti di serenit\u00e0.&nbsp;<\/p>\n\n\n\n<p>Il progetto di ristrutturazione ha previsto l\u2019imbiancatura e l\u2019arredamento in modo funzionale al luogo, secondo indicazioni di esperti. L\u2019idea \u00e8 stata quella di creare tre \u201czone\u201d per famiglia, organizzate in modo che ogni nucleo familiare possa svolgere attivit\u00e0 diverse che vanno dal gioco al racconto. L\u2019arredamento e i colori delle pareti sono stati scelti in modo attento e adeguato alle esigenze dei bambini, per far s\u00ec che essi si possano trovare il pi\u00f9 possibile a proprio agio.<\/p>\n\n\n\n<p>Grazie alla donazione di numerose aziende e associazioni \u00e8 stato possibile:<\/p>\n\n\n\n<ul class=\"wp-block-list\">\n<li><strong>verniciare<\/strong> pareti e plafoni&nbsp;<\/li>\n\n\n\n<li><strong>installare<\/strong> nuovi armadi, e gabbiani in legno&nbsp;<\/li>\n\n\n\n<li><strong>fornire di nuovi libri<\/strong> la ludoteca grazie alle donazioni di \u201cTalenti all&#8217;Opera\u201d e della nostra Associazione In Opera (tramite donazione dalla libreria Il Segnalibro di Magenta)<\/li>\n\n\n\n<li><strong>mettere in sicurezza<\/strong> le colonne e il calorifero tramite imbottiture.<\/li>\n<\/ul>\n\n\n\n<p>L\u2019idea che ha sostenuto il progetto e sostiene tutti i nostri progetti \u00e8 sempre quella di offrire agli ospiti della CR di reclusione di Opera delle <strong>occasioni in cui mettere gratuitamente a disposizione di altri il proprio tempo e i propri talenti.<\/strong><\/p>\n\n\n\n<p><em><strong>PRIMA<\/strong><\/em><\/p>\n\n\n\n<figure class=\"wp-block-image size-full\"><img loading=\"lazy\" decoding=\"async\" width=\"994\" height=\"340\" src=\"https:\/\/www.associazioneinopera.it\/wp-content\/uploads\/2022\/07\/come_era.png\" alt=\"\" class=\"wp-image-1832\" srcset=\"https:\/\/www.associazioneinopera.it\/wp-content\/uploads\/2022\/07\/come_era.png 994w, https:\/\/www.associazioneinopera.it\/wp-content\/uploads\/2022\/07\/come_era-300x103.png 300w, https:\/\/www.associazioneinopera.it\/wp-content\/uploads\/2022\/07\/come_era-768x263.png 768w\" sizes=\"auto, (max-width: 994px) 100vw, 994px\" \/><\/figure>\n\n\n\n<p><strong><em>DOPO<\/em><\/strong><\/p>\n\n\n\n<figure class=\"wp-block-image size-large\"><img loading=\"lazy\" decoding=\"async\" width=\"1024\" height=\"683\" src=\"https:\/\/www.associazioneinopera.it\/wp-content\/uploads\/2022\/07\/IMG-20220313-WA0000-1024x683.jpg\" alt=\"\" class=\"wp-image-1833\" srcset=\"https:\/\/www.associazioneinopera.it\/wp-content\/uploads\/2022\/07\/IMG-20220313-WA0000-1024x683.jpg 1024w, https:\/\/www.associazioneinopera.it\/wp-content\/uploads\/2022\/07\/IMG-20220313-WA0000-300x200.jpg 300w, https:\/\/www.associazioneinopera.it\/wp-content\/uploads\/2022\/07\/IMG-20220313-WA0000-768x512.jpg 768w, https:\/\/www.associazioneinopera.it\/wp-content\/uploads\/2022\/07\/IMG-20220313-WA0000-1536x1024.jpg 1536w, https:\/\/www.associazioneinopera.it\/wp-content\/uploads\/2022\/07\/IMG-20220313-WA0000-1568x1046.jpg 1568w, https:\/\/www.associazioneinopera.it\/wp-content\/uploads\/2022\/07\/IMG-20220313-WA0000.jpg 1600w\" sizes=\"auto, (max-width: 1024px) 100vw, 1024px\" \/><\/figure>\n\n\n\n<figure class=\"wp-block-image size-large\"><img loading=\"lazy\" decoding=\"async\" width=\"1024\" height=\"683\" src=\"https:\/\/www.associazioneinopera.it\/wp-content\/uploads\/2022\/07\/IMG-20220313-WA0002-1024x683.jpg\" alt=\"\" class=\"wp-image-1834\" srcset=\"https:\/\/www.associazioneinopera.it\/wp-content\/uploads\/2022\/07\/IMG-20220313-WA0002-1024x683.jpg 1024w, https:\/\/www.associazioneinopera.it\/wp-content\/uploads\/2022\/07\/IMG-20220313-WA0002-300x200.jpg 300w, https:\/\/www.associazioneinopera.it\/wp-content\/uploads\/2022\/07\/IMG-20220313-WA0002-768x512.jpg 768w, https:\/\/www.associazioneinopera.it\/wp-content\/uploads\/2022\/07\/IMG-20220313-WA0002-1536x1024.jpg 1536w, https:\/\/www.associazioneinopera.it\/wp-content\/uploads\/2022\/07\/IMG-20220313-WA0002-1568x1046.jpg 1568w, https:\/\/www.associazioneinopera.it\/wp-content\/uploads\/2022\/07\/IMG-20220313-WA0002.jpg 1600w\" sizes=\"auto, (max-width: 1024px) 100vw, 1024px\" \/><\/figure>\n\n\n\n<p><\/p>\n\n\n\n<p>PROGETTO LUDOTECA<br>Quante cose possiamo fare con le mani, ci avete mai pensato? Salutare, mangiare, disegnare, scrivere, suonare\u2026 davvero infinite! Volendo ogni giorno possiamo inventarci mille cose diverse.<br>E se le mie mani un giorno incontrano le tue? Se le nostre mani poi si mettono insieme per creare, per realizzare un sogno?<br>Nella Casa di Reclusione di Milano Opera ancora una volta le mani dei capi scout e dei detenuti di Talenti all&#8217;Opera si sono colorate &#8211; grazie al sostegno di Caparol &#8211; di sogni da realizzare.<br>C&#8217;era una volta una stanza, chiamata Ludoteca, da sistemare.<br>C&#8217;era da restituire alle famiglie uno spazio adeguato dove poter<br>passare del tempo di qualit\u00e0 dopo la tremenda<br>assenza dei mesi dell&#8217;emergenza sanitaria. C&#8217;era il diritto di quei<br>bambini che non vedevano il loro pap\u00e0 da tanto tempo, troppo, di<br>giocare insieme a lui, di disegnare, farsi leggere una storia o semplicemente raccontare quell\u2019avventura ai giardinetti. \u00c8 essenziale, nella storia di vita dei bambini, mantenere il legame con entrambi i genitori, anche se uno di questi nella vita ha sbagliato, perch\u00e9 uno sbaglio si pu\u00f2 spiegare, si pu\u00f2 crescere insieme; una sparizione<br>\u00e8 un vuoto che fa male a cui spesso non si riesce a dare significato. Tutti i bambini hanno diritto al proprio pap\u00e0 e nessun bambino deve pagare per gli sbagli degli adulti.<br>Cos\u00ec le mani, le menti e i cuori hanno iniziato a creare per realizzare tutto questo, in ludoteca.<br>Gli esperti Caparol hanno individuato e donato il colore pi\u00f9 adeguato allo spazio, affinch\u00e9 le pareti creassero un ambiente accogliente e rilassante, dove sentirsi &#8211; quasi a casa. Non \u00e8 mai solo una pennellata, non \u00e8 mai solo un tono di colore: \u00e8 cura,<br>ricerca, attenzione. Tutto \u00e8 iniziato da quelle pareti nuove, che hanno visto collaborare i compagni di sempre &#8211; ormai gli &#8220;storici&#8221; appartenenti al gruppo &#8211; e altri detenuti, che hanno scelto di donare gratuitamente il loro tempo e le loro energie &#8211; in perfetto stile<br>scout &#8211; per realizzare questa impresa e migliorare cos\u00ec la vita in carcere. Nuove mani, nuove menti e nuovi cuori. E non \u00e8 mai una somma di singoli: quando si lavora insieme \u00e8 sempre una moltiplicazione, qualcosa di molto pi\u00f9 grande, un intreccio di vite. S\u00ec,<br>perch\u00e9 non \u00e8 mai solo lavoro e fatica, sono le emozioni, le gioie e i timori, le chiacchiere leggere e i discorsi pesanti. Ed \u00e8 cos\u00ec che queste teste hanno messo insieme idee, talenti e competenze, che insieme hanno arredato quella &#8220;nuova&#8221; stanza, con divani per stare comodi, tavolini e sedioline, quadri con i disegni dei bambini, libri, giochi &#8211; cucina, garage, lavagna\u2026 Tutti si sono impegnati moltissimo e ancora una volta \u00e8 stato possibile &#8220;evadere&#8221;.<br>Perch\u00e9 quando lavoriamo dopo un po&#8217; non ci siamo pi\u00f9 io e te ma ci siamo noi che imbianchiamo, che facciamo il decoupage &#8211; chi l&#8217;avrebbe mai immaginato?- che sistemiamo con cura i libri e i giochi. Ci siamo noi che ci dimentichiamo per un attimo dove siamo, condividiamo le nostre storie di vita e ci scopriamo simili anche se cos\u00ec diversi. C&#8217;\u00e8 un incontro tra un &#8220;dentro&#8221; e un &#8220;fuori&#8221; che piano piano, passo dopo passo, prepara una base per un futuro migliore, per una societ\u00e0 pi\u00f9 accogliente.<br>Semplici mani, probabilmente un pochino sporche, testimoni di tutto questo e di molto altro ancora, con la voglia di donare bellezza e colore al mondo &#8211; con Caparol, che profuma di speranza.<\/p>\n","protected":false},"excerpt":{"rendered":"<p>Insieme al gruppo Scout talenti all\u2019Opera, alcuni membri dell\u2019Associazione In Opera nei mesi subito dopo Natale (Gennaio-Marzo 2022) si sono trovati ogni sabato per riqualificare la Ludoteca dello spazio colloqui [&hellip;]<\/p>\n","protected":false},"author":1,"featured_media":0,"parent":0,"menu_order":0,"comment_status":"closed","ping_status":"closed","template":"","meta":{"_EventAllDay":false,"_EventTimezone":"","_EventStartDate":"","_EventEndDate":"","_EventStartDateUTC":"","_EventEndDateUTC":"","_EventShowMap":false,"_EventShowMapLink":false,"_EventURL":"","_EventCost":"","_EventCostDescription":"","_EventCurrencySymbol":"","_EventCurrencyCode":"","_EventCurrencyPosition":"","_EventDateTimeSeparator":"","_EventTimeRangeSeparator":"","_EventOrganizerID":[],"_EventVenueID":[],"_OrganizerEmail":"","_OrganizerPhone":"","_OrganizerWebsite":"","_VenueAddress":"","_VenueCity":"","_VenueCountry":"","_VenueProvince":"","_VenueState":"","_VenueZip":"","_VenuePhone":"","_VenueURL":"","_VenueStateProvince":"","_VenueLat":"","_VenueLng":"","_VenueShowMap":false,"_VenueShowMapLink":false,"footnotes":""},"class_list":["post-1830","page","type-page","status-publish","hentry"],"_links":{"self":[{"href":"https:\/\/www.associazioneinopera.it\/index.php?rest_route=\/wp\/v2\/pages\/1830","targetHints":{"allow":["GET"]}}],"collection":[{"href":"https:\/\/www.associazioneinopera.it\/index.php?rest_route=\/wp\/v2\/pages"}],"about":[{"href":"https:\/\/www.associazioneinopera.it\/index.php?rest_route=\/wp\/v2\/types\/page"}],"author":[{"embeddable":true,"href":"https:\/\/www.associazioneinopera.it\/index.php?rest_route=\/wp\/v2\/users\/1"}],"replies":[{"embeddable":true,"href":"https:\/\/www.associazioneinopera.it\/index.php?rest_route=%2Fwp%2Fv2%2Fcomments&post=1830"}],"version-history":[{"count":3,"href":"https:\/\/www.associazioneinopera.it\/index.php?rest_route=\/wp\/v2\/pages\/1830\/revisions"}],"predecessor-version":[{"id":1893,"href":"https:\/\/www.associazioneinopera.it\/index.php?rest_route=\/wp\/v2\/pages\/1830\/revisions\/1893"}],"wp:attachment":[{"href":"https:\/\/www.associazioneinopera.it\/index.php?rest_route=%2Fwp%2Fv2%2Fmedia&parent=1830"}],"curies":[{"name":"wp","href":"https:\/\/api.w.org\/{rel}","templated":true}]}}